 composite?
False
Is 1709 a prime number?
True
Is 1549617 a prime number?
False
Is 30313 a prime number?
True
Is 1055993 a prime number?
False
Is 565889 a composite number?
False
Is 2879 prime?
True
Is 6863 a composite number?
False
Is 199859 a composite number?
True
Is 2999 a composite number?
False
Is 5779 a prime number?
True
Is 75961 a composite number?
True
Is 15017 a composite number?
False
Is 219571 composite?
True
Is 703 composite?
True
Is 1255063 composite?
False
Is 18869 prime?
True
Is 103273 a composite number?
True
Is 24067 prime?
False
Is 37831 composite?
False
Is 1314517 a prime number?
True
Is 317527 prime?
False
Is 70337 a composite number?
True
Is 197677 prime?
True
Is 3901 a prime number?
False
Is 3359 prime?
True
Is 101037 a prime number?
False
Is 16726 a composite number?
True
Is 169079 a composite number?
False
Is 41579 a prime number?
True
Is 171371 composite?
True
Is 319727 a composite number?
False
Is 6139 a composite number?
True
Is 4409 a prime number?
True
Is 209879 a prime number?
False
Is 1807 a prime number?
False
Is 29929 prime?
False
Is 7963 a composite number?
False
Is 6541 a prime number?
False
Is 1459 prime?
True
Is 140183 a prime number?
False
Is 1020821 prime?
True
Is 229757 prime?
False
Is 149407 composite?
True
Is 1353371 a prime number?
True
Is 251 a prime number?
True
Is 23189 a prime number?
True
Is 38941 composite?
True
Is 11199 a composite number?
True
Is 302201 a prime number?
False
Is 1087 composite?
False
Is 40773 composite?
True
Is 2923619 composite?
False
Is 30757 prime?
True
Is 397857 a prime number?
False
Is 77023 a prime number?
True
Is 9287 prime?
False
Is 72677 composite?
True
Is 322279 a composite number?
True
Is 236053 prime?
True
Is 13441 composite?
False
Is 2609 prime?
True
Is 2258 a composite number?
True
Is 91673 composite?
False
Is 11219 prime?
False
Is 12761 prime?
False
Is 19457 prime?
True
Is 5107043 a composite number?
False
Is 1903 composite?
True
Is 603049 prime?
False
Is 14971 prime?
False
Is 32687 prime?
True
Is 23983 a prime number?
False
Is 6866 a prime number?
False
Is 5015953 composite?
False
Is 18355 prime?
False
Is 86813 a prime number?
True
Is 62617 a prime number?
True
Is 6803 prime?
True
Is 349091 prime?
False
Is 264098 prime?
False
Is 6803 a prime number?
True
Is 2959 a prime number?
False
Is 169985 prime?
False
Is 18433 composite?
False
Is 275963 prime?
True
Is 8483 a composite number?
True
Is 108029 prime?
False
Is 30631 a prime number?
True
Is 163 composite?
False
Is 21313 prime?
True
Is 350527 a composite number?
True
Is 43711 composite?
False
Is 65479 a composite number?
False
Is 10777 a prime number?
False
Is 17657 a prime number?
True
Is 81721 composite?
True
Is 16811 composite?
False
Is 666933 a composite number?
True
Is 66221 a composite number?
False
Is 38242 prime?
False
Is 182113 a composite number?
True
Is 2521 composite?
False
Is 451981 a composite number?
True
Is 17783 composite?
False
Is 3755 a composite number?
True
Is 70717 a composite number?
False
Is 3791 prime?
False
Is 1559 prime?
True
Is 1889 a composite number?
False
Is 87341 composite?
True
Is 3643 a composite number?
False
Is 72859 a prime number?
True
Is 1208831 composite?
True
Is 9613 prime?
True
Is 4747 a prime number?
False
Is 3811 a composite number?
True
Is 34163 prime?
False
Is 35201 composite?
False
Is 11269 a prime number?
False
Is 55841 prime?
False
Is 149749 prime?
True
Is 22769 prime?
True
Is 21053 a composite number?
True
Is 21911 a composite number?
False
Is 67477 a prime number?
True
Is 1103 a composite number?
False
Is 200311 a composite number?
True
Is 231383 composite?
True
Is 149599 a composite number?
True
Is 312311 a composite number?
False
Is 50357 prime?
False
Is 7649 composite?
False
Is 1361 a prime number?
True
Is 3849787 a prime number?
True
Is 29983 prime?
True
Is 536971 a prime number?
True
Is 38261 prime?
True
Is 3937 prime?
False
Is 16033 a composite number?
False
Is 6953 a composite number?
True
Is 4073 a composite number?
False
Is 272851 prime?
False
Is 460127 a composite number?
False
Is 694979 a prime number?
True
Is 5839 a prime number?
True
Is 145753 a composite number?
False
Is 34171 composite?
False
Is 14493 composite?
True
Is 38989 prime?
False
Is 177715 a prime number?
False
Is 103319 composite?
False
Is 38963 a prime number?
False
Is 6443 composite?
True
Is 372201 prime?
False
Is 87827 a composite number?
True
Is 187021 composite?
True
Is 40955 a composite number?
True
Is 196519 composite?
False
Is 92069 prime?
False
Is 289955 composite?
True
Is 65321 composite?
True
Is 184463 prime?
True
Is 61661 prime?
False
Is 87359 prime?
True
Is 474337 a composite number?
False
Is 7729 composite?
True
Is 457 prime?
True
Is 252971 a prime number?
True
Is 349121 a prime number?
True
Is 113531 composite?
True
Is 256807 composite?
True
Is 31631 a composite number?
True
Is 220613 a composite number?
False
Is 496427 a composite number?
False
Is 1542657 a prime number?
False
Is 593249 prime?
False
Is 33377 composite?
False
Is 116713 prime?
False
Is 192811 composite?
False
Is 9409 composite?
True
Is 2317 prime?
False
Is 18137 a prime number?
False
Is 21881 a prime number?
True
Is 61133 prime?
False
Is 30551 a prime number?
False
Is 1252717 a prime number?
True
Is 1657 a prime number?
True
Is 7499 composite?
False
Is 2261009 a composite number?
False
Is 293483 composite?
False
Is 105449 a composite number?
False
Is 194933 prime?
True
Is 1262 composite?
True
Is 19391 a composite number?
False
Is 23251 a prime number?
True
Is 40997 prime?
False
Is 9229 prime?
False
Is 42263 composite?
True
Is 3391 composite?
False
Is 125353 a composite number?
False
Is 6433 a composite number?
True
Is 78343 composite?
True
Is 218769 a prime number?
False
Is 12601 a prime number?
True
Is 357173 composite?
True
Is 54947 composite?
True
Is 383291 prime?
True
Is 110337 composite?
True
Is 76697 composite?
False
Is 274 composite?
True
Is 914099 a prime number?
False
Is 36691 a prime number?
True
Is 12731 composite?
True
Is 4645 a composite number?
True
Is 251849 a prime number?
False
Is 1147 prime?
False
Is 162323 composite?
True
Is 1711 composite?
True
Is 22679 a composite number?
False
Is 199069 a prime number?
False
Is 9239 prime?
True
Is 1937 a prime number?
False
Is 742505 a prime number?
False
Is 3989 prime?
True
Is 955457 a composite number?
False
Is 173461 a prime number?
False
Is 5347 composite?
False
Is 461653 prime?
True
Is 239969 prime?
False
Is 223085 a composite number?
True
Is 797647 prime?
True
Is 129553 a prime number?
True
Is 83557 composite?
False
Is 20437 a prime number?
False
Is 942401 a prime number?
True
Is 48095 a prime number?
False
Is 912187 a prime number?
True
Is 67 a composite number?
False
Is 28829 composite?
True
Is 367067 prime?
False
Is 17809 a composite number?
True
Is 15298 prime?
False
Is 144938 composite?
True
Is 2633 composite?
False
Is 1874467 a prime number?
False
Is 72421 composite?
False
Is 1167 a prime number?
False
Is 25433 a composite number?
True
Is 80299 a prime number?
False
Is 455485 a prime number?
False
Is 138665 composite?
True
Is 675859 a composite number?
False
Is 1578219 a prime number?
False
Is 1920257 composite?
False
Is 16729 a composite number?
False
Is 547823 composite?
False
Is 5345 a prime number?
False
Is 66041 a composite number?
False
Is 60773 composite?
False
Is 959019 a composite number?
True
Is 4337 a composite number?
False
Is 256798 a prime number?
False
Is 37951 composite?
False
Is 26153 prime?
True
Is 725293 composite?
False
Is 255157 a prime number?
False
Is 1360049 composite?
False
Is 15727 a composite number?
False
Is 2777 a composite number?
False
Is 17539 composite?
False
Is 271577 a composite number?
True
Is 342709 composite?
True
Is 6031 prime?
False
Is 1186 a prime number?
False
Is 36373 a composite number?
False
Is 431309 a composite number?
True
Is 440279 a prime number?
False
Is 3403 a composite number?
True
Is 449 a prime number?
True
Is 255911 a prime number?
False
Is 54469 prime?
True
Is 1615214 a prime number?
False
Is 91007 a composite number?
True
Is 6803 a composite number?
False
Is 135871 a composite number?
True
Is 663709 a composite number?
False
Is 1777 prime?
True
Is 117321 a prime number?
False
I